????

Your IP : 18.222.164.6


Current Path : /home/darkwebsol/access-logs/
Upload File :
Current File : /home/darkwebsol/access-logs/customapparelmanufacturers.com.darkwebsol.com-ssl_log

2a01:4f8:252:3fa4::2 - - [14/Mar/2025:12:30:08 +0000] "POST /wp-cron.php?doing_wp_cron=1741955408.8555688858032226562500 HTTP/1.1" 200 0 "-" "WordPress/6.7.2; https://customapparelmanufacturers.com"
54.36.148.148 - - [14/Mar/2025:12:30:09 +0000] "GET /product-category/electronics/ HTTP/1.1" 200 74513 "-" "Mozilla/5.0 (compatible; AhrefsBot/7.0; +http://ahrefs.com/robot/)"
2a01:4f8:252:3fa4::2 - - [14/Mar/2025:12:48:23 +0000] "POST /wp-cron.php?doing_wp_cron=1741956503.8791129589080810546875 HTTP/1.1" 200 0 "-" "WordPress/6.7.2; https://customapparelmanufacturers.com"
54.36.148.120 - - [14/Mar/2025:12:48:24 +0000] "GET /product-category/equipment/ HTTP/1.1" 200 74514 "-" "Mozilla/5.0 (compatible; AhrefsBot/7.0; +http://ahrefs.com/robot/)"
2a01:4f8:252:3fa4::2 - - [14/Mar/2025:12:52:00 +0000] "POST /wp-cron.php?doing_wp_cron=1741956720.3068649768829345703125 HTTP/1.1" 200 0 "-" "WordPress/6.7.2; https://customapparelmanufacturers.com"
107.189.29.183 - - [14/Mar/2025:12:52:00 +0000] "GET /wp-login.php HTTP/1.1" 200 6867 "https://customapparelmanufacturers.com/login" "Mozilla/5.0 (Macintosh; Intel Mac OS X 10_12_6) AppleWebKit/537.36 (KHTML, like Gecko) Chrome/61.0.3163.100 Safari/537.36"
107.189.29.183 - - [14/Mar/2025:12:52:06 +0000] "POST /wp-login.php HTTP/1.1" 200 7341 "https://customapparelmanufacturers.com/login" "Mozilla/5.0 (Macintosh; Intel Mac OS X 10_12_6) AppleWebKit/537.36 (KHTML, like Gecko) Chrome/61.0.3163.100 Safari/537.36"
2a01:4f8:252:3fa4::2 - - [14/Mar/2025:13:00:54 +0000] "POST /wp-cron.php?doing_wp_cron=1741957254.8416559696197509765625 HTTP/1.1" 200 0 "-" "WordPress/6.7.2; https://customapparelmanufacturers.com"
85.208.96.203 - - [14/Mar/2025:13:00:54 +0000] "GET /robots.txt HTTP/1.1" 200 292 "-" "Mozilla/5.0 (compatible; SemrushBot/7~bl; +http://www.semrush.com/bot.html)"
185.191.171.14 - - [14/Mar/2025:13:00:56 +0000] "GET /our-pricing/ HTTP/1.1" 200 85366 "-" "Mozilla/5.0 (compatible; SemrushBot/7~bl; +http://www.semrush.com/bot.html)"
2a01:4f8:252:3fa4::2 - - [14/Mar/2025:13:07:21 +0000] "POST /wp-cron.php?doing_wp_cron=1741957641.4551761150360107421875 HTTP/1.1" 200 0 "-" "WordPress/6.7.2; https://customapparelmanufacturers.com"
54.36.149.10 - - [14/Mar/2025:13:07:21 +0000] "GET /product-category/footwear/ HTTP/1.1" 200 74504 "-" "Mozilla/5.0 (compatible; AhrefsBot/7.0; +http://ahrefs.com/robot/)"
2a01:4f8:252:3fa4::2 - - [14/Mar/2025:13:25:22 +0000] "POST /wp-cron.php?doing_wp_cron=1741958722.4532780647277832031250 HTTP/1.1" 200 0 "-" "WordPress/6.7.2; https://customapparelmanufacturers.com"
54.36.148.5 - - [14/Mar/2025:13:25:22 +0000] "GET /product-category/wellness/ HTTP/1.1" 200 74504 "-" "Mozilla/5.0 (compatible; AhrefsBot/7.0; +http://ahrefs.com/robot/)"
2a01:4f8:252:3fa4::2 - - [14/Mar/2025:13:43:42 +0000] "POST /wp-cron.php?doing_wp_cron=1741959822.8855729103088378906250 HTTP/1.1" 200 0 "-" "WordPress/6.7.2; https://customapparelmanufacturers.com"
54.36.149.106 - - [14/Mar/2025:13:43:43 +0000] "GET /product/daily-sports-bra/ HTTP/1.1" 200 78875 "-" "Mozilla/5.0 (compatible; AhrefsBot/7.0; +http://ahrefs.com/robot/)"
2a01:4f8:252:3fa4::2 - - [14/Mar/2025:14:22:59 +0000] "POST /wp-cron.php?doing_wp_cron=1741962179.6851999759674072265625 HTTP/1.1" 200 0 "-" "WordPress/6.7.2; https://customapparelmanufacturers.com"
54.36.148.121 - - [14/Mar/2025:14:23:00 +0000] "GET /product/movement-crop/ HTTP/1.1" 200 78860 "-" "Mozilla/5.0 (compatible; AhrefsBot/7.0; +http://ahrefs.com/robot/)"
2a01:4f8:252:3fa4::2 - - [14/Mar/2025:14:40:06 +0000] "POST /wp-cron.php?doing_wp_cron=1741963206.7983860969543457031250 HTTP/1.1" 200 0 "-" "WordPress/6.7.2; https://customapparelmanufacturers.com"
54.36.148.160 - - [14/Mar/2025:14:40:07 +0000] "GET /product/saltstick-caps-plus/ HTTP/1.1" 200 78893 "-" "Mozilla/5.0 (compatible; AhrefsBot/7.0; +http://ahrefs.com/robot/)"
2a01:4f8:252:3fa4::2 - - [14/Mar/2025:14:52:35 +0000] "POST /wp-cron.php?doing_wp_cron=1741963955.7196950912475585937500 HTTP/1.1" 200 0 "-" "WordPress/6.7.2; https://customapparelmanufacturers.com"
198.98.53.147 - - [14/Mar/2025:14:52:36 +0000] "GET / HTTP/1.1" 200 145202 "https://customapparelmanufacturers.com/login" "Mozilla/5.0 (X11; Linux x86_64) AppleWebKit/537.36 (KHTML, like Gecko) Chrome/59.0.3071.115 Safari/537.36"
198.98.53.147 - - [14/Mar/2025:14:52:39 +0000] "GET /wp-login.php HTTP/1.1" 200 6867 "https://customapparelmanufacturers.com/login" "Mozilla/5.0 (X11; Linux x86_64) AppleWebKit/537.36 (KHTML, like Gecko) Chrome/59.0.3071.115 Safari/537.36"
198.98.53.147 - - [14/Mar/2025:14:52:42 +0000] "POST /wp-login.php HTTP/1.1" 200 7341 "https://customapparelmanufacturers.com/login" "Mozilla/5.0 (X11; Linux x86_64) AppleWebKit/537.36 (KHTML, like Gecko) Chrome/59.0.3071.115 Safari/537.36"
2a01:4f8:252:3fa4::2 - - [14/Mar/2025:14:57:36 +0000] "POST /wp-cron.php?doing_wp_cron=1741964256.7996060848236083984375 HTTP/1.1" 200 0 "-" "WordPress/6.7.2; https://customapparelmanufacturers.com"
54.36.149.14 - - [14/Mar/2025:14:57:37 +0000] "GET /product/sport-canteen-le-20oz/ HTTP/1.1" 200 78905 "-" "Mozilla/5.0 (compatible; AhrefsBot/7.0; +http://ahrefs.com/robot/)"
2a01:4f8:252:3fa4::2 - - [14/Mar/2025:15:15:53 +0000] "POST /wp-cron.php?doing_wp_cron=1741965353.5283350944519042968750 HTTP/1.1" 200 0 "-" "WordPress/6.7.2; https://customapparelmanufacturers.com"
54.36.148.252 - - [14/Mar/2025:15:15:53 +0000] "GET /product/workout-top/ HTTP/1.1" 200 78856 "-" "Mozilla/5.0 (compatible; AhrefsBot/7.0; +http://ahrefs.com/robot/)"
2a01:4f8:252:3fa4::2 - - [14/Mar/2025:15:31:10 +0000] "POST /wp-cron.php?doing_wp_cron=1741966270.3895280361175537109375 HTTP/1.1" 200 0 "-" "WordPress/6.7.2; https://customapparelmanufacturers.com"
66.249.66.68 - - [14/Mar/2025:15:31:10 +0000] "GET /contact-us/ HTTP/1.1" 200 89510 "-" "Mozilla/5.0 (Linux; Android 6.0.1; Nexus 5X Build/MMB29P) AppleWebKit/537.36 (KHTML, like Gecko) Chrome/133.0.6943.141 Mobile Safari/537.36 (compatible; Googlebot/2.1; +http://www.google.com/bot.html)"
2a01:4f8:252:3fa4::2 - - [14/Mar/2025:15:33:24 +0000] "POST /wp-cron.php?doing_wp_cron=1741966404.9088819026947021484375 HTTP/1.1" 200 0 "-" "WordPress/6.7.2; https://customapparelmanufacturers.com"
54.36.149.55 - - [14/Mar/2025:15:33:25 +0000] "GET /?add-to-cart=3677 HTTP/1.1" 200 145229 "-" "Mozilla/5.0 (compatible; AhrefsBot/7.0; +http://ahrefs.com/robot/)"
66.249.66.67 - - [14/Mar/2025:15:34:32 +0000] "GET /wp-content/plugins/revslider/sr6/assets/css/rs6.css?ver=6.7.11 HTTP/1.1" 200 58327 "https://customapparelmanufacturers.com/contact-us/" "Mozilla/5.0 (Linux; Android 6.0.1; Nexus 5X Build/MMB29P) AppleWebKit/537.36 (KHTML, like Gecko) Chrome/133.0.6943.141 Mobile Safari/537.36 (compatible; Googlebot/2.1; +http://www.google.com/bot.html)"
66.249.66.66 - - [14/Mar/2025:15:34:33 +0000] "GET /wp-content/uploads/elementor/css/post-1741.css?ver=1741070142 HTTP/1.1" 200 1231 "https://customapparelmanufacturers.com/contact-us/" "Mozilla/5.0 (Linux; Android 6.0.1; Nexus 5X Build/MMB29P) AppleWebKit/537.36 (KHTML, like Gecko) Chrome/133.0.6943.141 Mobile Safari/537.36 (compatible; Googlebot/2.1; +http://www.google.com/bot.html)"
66.249.66.67 - - [14/Mar/2025:15:34:33 +0000] "GET /wp-content/themes/wesecure/inc/assets/css/style.css?ver=6.7.2 HTTP/1.1" 200 185527 "https://customapparelmanufacturers.com/contact-us/" "Mozilla/5.0 (Linux; Android 6.0.1; Nexus 5X Build/MMB29P) AppleWebKit/537.36 (KHTML, like Gecko) Chrome/133.0.6943.141 Mobile Safari/537.36 (compatible; Googlebot/2.1; +http://www.google.com/bot.html)"
66.249.66.66 - - [14/Mar/2025:15:34:33 +0000] "GET /wp-content/plugins/woocommerce/assets/css/woocommerce.css?ver=9.6.0 HTTP/1.1" 200 82843 "https://customapparelmanufacturers.com/contact-us/" "Mozilla/5.0 (Linux; Android 6.0.1; Nexus 5X Build/MMB29P) AppleWebKit/537.36 (KHTML, like Gecko) Chrome/133.0.6943.141 Mobile Safari/537.36 (compatible; Googlebot/2.1; +http://www.google.com/bot.html)"
66.249.66.68 - - [14/Mar/2025:15:34:34 +0000] "GET /wp-content/plugins/elementor/assets/css/frontend.min.css?ver=3.27.6 HTTP/1.1" 200 53269 "https://customapparelmanufacturers.com/contact-us/" "Mozilla/5.0 (Linux; Android 6.0.1; Nexus 5X Build/MMB29P) AppleWebKit/537.36 (KHTML, like Gecko) Chrome/133.0.6943.141 Mobile Safari/537.36 (compatible; Googlebot/2.1; +http://www.google.com/bot.html)"
66.249.66.66 - - [14/Mar/2025:15:34:34 +0000] "GET /wp-content/themes/wesecure/inc/assets/fonts/source-sans-pro.css?ver=6.7.2 HTTP/1.1" 200 17521 "https://customapparelmanufacturers.com/contact-us/" "Mozilla/5.0 (Linux; Android 6.0.1; Nexus 5X Build/MMB29P) AppleWebKit/537.36 (KHTML, like Gecko) Chrome/133.0.6943.141 Mobile Safari/537.36 (compatible; Googlebot/2.1; +http://www.google.com/bot.html)"
66.249.66.67 - - [14/Mar/2025:15:34:35 +0000] "GET /wp-content/plugins/goal-lookbook/assets/style.css?ver=6.7.2 HTTP/1.1" 200 1095 "https://customapparelmanufacturers.com/contact-us/" "Mozilla/5.0 (Linux; Android 6.0.1; Nexus 5X Build/MMB29P) AppleWebKit/537.36 (KHTML, like Gecko) Chrome/133.0.6943.141 Mobile Safari/537.36 (compatible; Googlebot/2.1; +http://www.google.com/bot.html)"
66.249.66.66 - - [14/Mar/2025:15:34:36 +0000] "GET /wp-content/plugins/contact-form-7/includes/css/styles.css?ver=6.0.4 HTTP/1.1" 200 2894 "https://customapparelmanufacturers.com/contact-us/" "Mozilla/5.0 (Linux; Android 6.0.1; Nexus 5X Build/MMB29P) AppleWebKit/537.36 (KHTML, like Gecko) Chrome/133.0.6943.141 Mobile Safari/537.36 (compatible; Googlebot/2.1; +http://www.google.com/bot.html)"
66.249.66.66 - - [14/Mar/2025:15:34:41 +0000] "GET /wp-includes/js/dist/hooks.min.js?ver=4d63a3d491d11ffd8ac6 HTTP/1.1" 200 4776 "https://customapparelmanufacturers.com/contact-us/" "Mozilla/5.0 (Linux; Android 6.0.1; Nexus 5X Build/MMB29P) AppleWebKit/537.36 (KHTML, like Gecko) Chrome/133.0.6943.141 Mobile Safari/537.36 (compatible; Googlebot/2.1; +http://www.google.com/bot.html)"
66.249.66.66 - - [14/Mar/2025:15:34:45 +0000] "GET /wp-content/themes/wesecure/inc/assets/js/jquery.magnific-popup.min.js?ver=20181786 HTTP/1.1" 200 20216 "https://customapparelmanufacturers.com/contact-us/" "Mozilla/5.0 (Linux; Android 6.0.1; Nexus 5X Build/MMB29P) AppleWebKit/537.36 (KHTML, like Gecko) Chrome/133.0.6943.141 Mobile Safari/537.36 (compatible; Googlebot/2.1; +http://www.google.com/bot.html)"
66.249.66.66 - - [14/Mar/2025:15:34:46 +0000] "GET /wp-includes/js/jquery/ui/sortable.min.js?ver=1.13.3 HTTP/1.1" 200 25504 "https://customapparelmanufacturers.com/contact-us/" "Mozilla/5.0 (Linux; Android 6.0.1; Nexus 5X Build/MMB29P) AppleWebKit/537.36 (KHTML, like Gecko) Chrome/133.0.6943.141 Mobile Safari/537.36 (compatible; Googlebot/2.1; +http://www.google.com/bot.html)"
66.249.66.66 - - [14/Mar/2025:15:34:46 +0000] "GET /wp-content/themes/wesecure/inc/assets/js/isotopeloaded.min.js?ver=20181786 HTTP/1.1" 200 8113 "https://customapparelmanufacturers.com/contact-us/" "Mozilla/5.0 (Linux; Android 6.0.1; Nexus 5X Build/MMB29P) AppleWebKit/537.36 (KHTML, like Gecko) Chrome/133.0.6943.141 Mobile Safari/537.36 (compatible; Googlebot/2.1; +http://www.google.com/bot.html)"
66.249.66.66 - - [14/Mar/2025:15:34:46 +0000] "GET /wp-includes/js/jquery/ui/core.min.js?ver=1.13.3 HTTP/1.1" 200 21464 "https://customapparelmanufacturers.com/contact-us/" "Mozilla/5.0 (Linux; Android 6.0.1; Nexus 5X Build/MMB29P) AppleWebKit/537.36 (KHTML, like Gecko) Chrome/133.0.6943.141 Mobile Safari/537.36 (compatible; Googlebot/2.1; +http://www.google.com/bot.html)"
66.249.66.66 - - [14/Mar/2025:15:34:49 +0000] "GET /wp-includes/js/dist/i18n.min.js?ver=5e580eb46a90c2b997e6 HTTP/1.1" 200 9141 "https://customapparelmanufacturers.com/contact-us/" "Mozilla/5.0 (Linux; Android 6.0.1; Nexus 5X Build/MMB29P) AppleWebKit/537.36 (KHTML, like Gecko) Chrome/133.0.6943.141 Mobile Safari/537.36 (compatible; Googlebot/2.1; +http://www.google.com/bot.html)"
66.249.66.66 - - [14/Mar/2025:15:34:50 +0000] "GET /wp-content/plugins/elementor/assets/js/frontend-modules.min.js?ver=3.27.6 HTTP/1.1" 200 59749 "https://customapparelmanufacturers.com/contact-us/" "Mozilla/5.0 (Linux; Android 6.0.1; Nexus 5X Build/MMB29P) AppleWebKit/537.36 (KHTML, like Gecko) Chrome/133.0.6943.141 Mobile Safari/537.36 (compatible; Googlebot/2.1; +http://www.google.com/bot.html)"
66.249.66.66 - - [14/Mar/2025:15:34:50 +0000] "GET /wp-content/themes/wesecure/inc/assets/js/main.js?ver=20181786 HTTP/1.1" 200 12584 "https://customapparelmanufacturers.com/contact-us/" "Mozilla/5.0 (Linux; Android 6.0.1; Nexus 5X Build/MMB29P) AppleWebKit/537.36 (KHTML, like Gecko) Chrome/133.0.6943.141 Mobile Safari/537.36 (compatible; Googlebot/2.1; +http://www.google.com/bot.html)"
66.249.66.66 - - [14/Mar/2025:15:34:50 +0000] "GET /wp-content/plugins/contact-form-7/includes/js/index.js?ver=6.0.4 HTTP/1.1" 200 13452 "https://customapparelmanufacturers.com/contact-us/" "Mozilla/5.0 (Linux; Android 6.0.1; Nexus 5X Build/MMB29P) AppleWebKit/537.36 (KHTML, like Gecko) Chrome/133.0.6943.141 Mobile Safari/537.36 (compatible; Googlebot/2.1; +http://www.google.com/bot.html)"
66.249.66.66 - - [14/Mar/2025:15:34:51 +0000] "GET /wp-content/plugins/woo-smart-compare/assets/js/frontend.js?ver=6.4.3 HTTP/1.1" 200 32608 "https://customapparelmanufacturers.com/contact-us/" "Mozilla/5.0 (Linux; Android 6.0.1; Nexus 5X Build/MMB29P) AppleWebKit/537.36 (KHTML, like Gecko) Chrome/133.0.6943.141 Mobile Safari/537.36 (compatible; Googlebot/2.1; +http://www.google.com/bot.html)"
66.249.66.66 - - [14/Mar/2025:15:34:51 +0000] "GET /wp-content/plugins/woocommerce/assets/js/sourcebuster/sourcebuster.min.js?ver=9.6.0 HTTP/1.1" 200 15315 "https://customapparelmanufacturers.com/contact-us/" "Mozilla/5.0 (Linux; Android 6.0.1; Nexus 5X Build/MMB29P) AppleWebKit/537.36 (KHTML, like Gecko) Chrome/133.0.6943.141 Mobile Safari/537.36 (compatible; Googlebot/2.1; +http://www.google.com/bot.html)"
66.249.66.66 - - [14/Mar/2025:15:34:51 +0000] "GET /wp-content/plugins/elementor-pro/assets/js/elements-handlers.min.js?ver=3.23.3 HTTP/1.1" 200 42585 "https://customapparelmanufacturers.com/contact-us/" "Mozilla/5.0 (Linux; Android 6.0.1; Nexus 5X Build/MMB29P) AppleWebKit/537.36 (KHTML, like Gecko) Chrome/133.0.6943.141 Mobile Safari/537.36 (compatible; Googlebot/2.1; +http://www.google.com/bot.html)"
66.249.66.66 - - [14/Mar/2025:15:34:51 +0000] "GET /wp-content/themes/wesecure/inc/assets/js/popper.min.js?ver=20181786 HTTP/1.1" 200 19149 "https://customapparelmanufacturers.com/contact-us/" "Mozilla/5.0 (Linux; Android 6.0.1; Nexus 5X Build/MMB29P) AppleWebKit/537.36 (KHTML, like Gecko) Chrome/133.0.6943.141 Mobile Safari/537.36 (compatible; Googlebot/2.1; +http://www.google.com/bot.html)"
66.249.66.66 - - [14/Mar/2025:15:34:52 +0000] "GET /wp-content/themes/wesecure/inc/assets/js/slick.min.js?ver=20181786 HTTP/1.1" 200 42863 "https://customapparelmanufacturers.com/contact-us/" "Mozilla/5.0 (Linux; Android 6.0.1; Nexus 5X Build/MMB29P) AppleWebKit/537.36 (KHTML, like Gecko) Chrome/133.0.6943.141 Mobile Safari/537.36 (compatible; Googlebot/2.1; +http://www.google.com/bot.html)"
2a01:4f8:252:3fa4::2 - - [14/Mar/2025:15:35:07 +0000] "POST /wp-cron.php?doing_wp_cron=1741966507.0202000141143798828125 HTTP/1.1" 200 0 "-" "WordPress/6.7.2; https://customapparelmanufacturers.com"
66.249.66.67 - - [14/Mar/2025:15:35:07 +0000] "GET /wp-json/contact-form-7/v1/contact-forms/2536/feedback/schema HTTP/1.1" 200 1175 "https://customapparelmanufacturers.com/contact-us/" "Mozilla/5.0 (Linux; Android 6.0.1; Nexus 5X Build/MMB29P) AppleWebKit/537.36 (KHTML, like Gecko) Chrome/133.0.6943.141 Mobile Safari/537.36 (compatible; Googlebot/2.1; +http://www.google.com/bot.html)"
2a01:4f8:252:3fa4::2 - - [14/Mar/2025:15:36:58 +0000] "POST /wp-cron.php?doing_wp_cron=1741966618.0709340572357177734375 HTTP/1.1" 200 0 "-" "WordPress/6.7.2; https://customapparelmanufacturers.com"
45.61.188.33 - - [14/Mar/2025:15:36:58 +0000] "GET / HTTP/1.1" 200 145202 "https://customapparelmanufacturers.com" "Mozilla/5.0 (Windows NT 10.0; Win64; x64) AppleWebKit/537.36 (KHTML, like Gecko) Chrome/58.0.3029.110 Safari/537.36"
45.61.188.33 - - [14/Mar/2025:15:37:01 +0000] "GET /wp-login.php HTTP/1.1" 200 6867 "https://customapparelmanufacturers.com" "Mozilla/5.0 (Windows NT 10.0; Win64; x64) AppleWebKit/537.36 (KHTML, like Gecko) Chrome/58.0.3029.110 Safari/537.36"
45.61.188.33 - - [14/Mar/2025:15:37:04 +0000] "POST /wp-login.php HTTP/1.1" 200 7341 "https://customapparelmanufacturers.com" "Mozilla/5.0 (Windows NT 10.0; Win64; x64) AppleWebKit/537.36 (KHTML, like Gecko) Chrome/58.0.3029.110 Safari/537.36"
103.131.71.22 - - [14/Mar/2025:15:40:22 +0000] "GET /wp-content/themes/rashy/images/logo.svg HTTP/1.1" 200 8133 "-" "Mozilla/5.0 (compatible; coccocbot-image/1.0; +http://help.coccoc.com/searchengine)"
2a01:4f8:252:3fa4::2 - - [14/Mar/2025:15:49:54 +0000] "POST /wp-cron.php?doing_wp_cron=1741967394.0679829120635986328125 HTTP/1.1" 200 0 "-" "WordPress/6.7.2; https://customapparelmanufacturers.com"
54.36.148.55 - - [14/Mar/2025:15:49:54 +0000] "GET /?add-to-cart=3679 HTTP/1.1" 200 145229 "-" "Mozilla/5.0 (compatible; AhrefsBot/7.0; +http://ahrefs.com/robot/)"